{"id":116,"date":"2016-09-13T12:48:09","date_gmt":"2016-09-13T10:48:09","guid":{"rendered":"http:\/\/tc-hainau.de\/?page_id=116"},"modified":"2019-07-04T13:11:40","modified_gmt":"2019-07-04T11:11:40","slug":"mitglied-werden","status":"publish","type":"page","link":"https:\/\/tc-hainau.de\/?page_id=116","title":{"rendered":"Mitglied werden"},"content":{"rendered":"<p>Sie m\u00f6chten sich f\u00fcr eine der Sportgruppen des Trimm-Clubs Hainau anmelden?<\/p>\n<p>Schicken Sie uns eine Mail und teilen uns mit, f\u00fcr welche der Gruppen Sie sich interessieren: Tennis, Gymnastik oder Tischtennis!<\/p>\n<p>Wir freuen uns \u00fcber Ihr Interesse und Sie werden bald von uns h\u00f6ren!<\/p>\n<p>Sie k\u00f6nnen auch einfach ein Anmeldeformular herunterladen:<div class=\"sdm_download_button_box_default\"><div class=\"sdm_download_link\"><a href=\"https:\/\/tc-hainau.de\/?sdm_process_download=1&download_id=555\" class=\"sdm_download blue\" title=\"Aufnahmeantrag\" target=&quot;_blank&quot;>Jetzt herunterladen!<\/a><\/div><\/div><\/p>\n<p>Schicken Sie es bitte ausgef\u00fcllt und unterschrieben an<\/p>\n<p>TC Hainau<br \/>\nBr\u00fchlstra\u00dfe 6a<br \/>\n56357 Hainau<\/p>\n<p>oder per mail an\u00a0sport@tc-hainau.de !<\/p>\n","protected":false},"excerpt":{"rendered":"<p>Sie m\u00f6chten sich f\u00fcr eine der Sportgruppen des Trimm-Clubs Hainau anmelden? Schicken Sie uns eine Mail und teilen uns mit, f\u00fcr welche der Gruppen Sie sich interessieren: Tennis, Gymnastik oder Tischtennis! Wir freuen uns \u00fcber Ihr Interesse und Sie werden bald von uns h\u00f6ren! Sie k\u00f6nnen auch einfach ein Anmeldeformular herunterladen: Schicken Sie es bitte [&hellip;]<\/p>\n","protected":false},"author":2,"featured_media":0,"parent":0,"menu_order":0,"comment_status":"closed","ping_status":"closed","template":"","meta":{"jetpack_post_was_ever_published":false,"_mc_calendar":[],"footnotes":""},"class_list":["post-116","page","type-page","status-publish","czr-hentry"],"jetpack_shortlink":"https:\/\/wp.me\/P6OhnB-1S","jetpack_sharing_enabled":true,"_links":{"self":[{"href":"https:\/\/tc-hainau.de\/index.php?rest_route=\/wp\/v2\/pages\/116","targetHints":{"allow":["GET"]}}],"collection":[{"href":"https:\/\/tc-hainau.de\/index.php?rest_route=\/wp\/v2\/pages"}],"about":[{"href":"https:\/\/tc-hainau.de\/index.php?rest_route=\/wp\/v2\/types\/page"}],"author":[{"embeddable":true,"href":"https:\/\/tc-hainau.de\/index.php?rest_route=\/wp\/v2\/users\/2"}],"replies":[{"embeddable":true,"href":"https:\/\/tc-hainau.de\/index.php?rest_route=%2Fwp%2Fv2%2Fcomments&post=116"}],"version-history":[{"count":18,"href":"https:\/\/tc-hainau.de\/index.php?rest_route=\/wp\/v2\/pages\/116\/revisions"}],"predecessor-version":[{"id":559,"href":"https:\/\/tc-hainau.de\/index.php?rest_route=\/wp\/v2\/pages\/116\/revisions\/559"}],"wp:attachment":[{"href":"https:\/\/tc-hainau.de\/index.php?rest_route=%2Fwp%2Fv2%2Fmedia&parent=116"}],"curies":[{"name":"wp","href":"https:\/\/api.w.org\/{rel}","templated":true}]}}