{"id":16,"date":"2015-10-04T11:53:53","date_gmt":"2015-10-04T09:53:53","guid":{"rendered":"http:\/\/tc-hainau.de\/?page_id=16"},"modified":"2018-06-09T10:09:41","modified_gmt":"2018-06-09T08:09:41","slug":"impressum","status":"publish","type":"page","link":"https:\/\/tc-hainau.de\/?page_id=16","title":{"rendered":"Impressum"},"content":{"rendered":"<h3>Kontakt:<\/h3>\n<p><b> TC Hainau<br \/>\n<\/b>Br\u00fchlstra\u00dfe 6a<br \/>\n56357 Hainau<\/p>\n<p><b>E-Mail:<\/b>\u00a0sport@tc-hainau.de<\/p>\n<h2><a name=\"2343619cd60f0c002\"><\/a>HAFTUNG UND AKTUALISIERUNG<\/h2>\n<p>Der\u00a0Trimm-Club Hainau ist bem\u00fcht, f\u00fcr die Richtigkeit und Aktualit\u00e4t aller auf ihrer Website enthaltenen Informationen und Daten zu sorgen. Eine Haftung oder Garantie f\u00fcr die Aktualit\u00e4t, Richtigkeit und Vollst\u00e4ndigkeit der zur Verf\u00fcgung gestellten Informationen und Daten ist jedoch ausgeschlossen. Es wird in keinem Fall f\u00fcr Sch\u00e4den, welche sich aus der Verwendung der abgerufenen Informationen ergeben, eine Haftung \u00fcbernommen. Alle Angebote sind freibleibend und unverbindlich. Der Trimm-Club Hainau beh\u00e4lt es sich ausdr\u00fccklich vor, Teile der Seiten oder das gesamte Angebot ohne gesonderte Ank\u00fcndigung zu ver\u00e4ndern, zu erg\u00e4nzen, zu l\u00f6schen oder die Ver\u00f6ffentlichung zeitweise oder endg\u00fcltig einzustellen.<\/p>\n<p>&nbsp;<\/p>\n<h2><a name=\"2343619cd60f0f603\"><\/a>GESETZE UND VERORDNUNGEN<\/h2>\n<p>Soweit Texte von Gesetzen und Verordnungen auf unseren Seiten abgebildet werden, handelt es sich ausdr\u00fccklich nur um unverbindliche Abschriften zur schnellen Information per Internet. Rechtsverbindlich sind allein die gedruckten Texte der amtlichen Ver\u00f6ffentlichungen.<\/p>\n<p>&nbsp;<\/p>\n<h2><a name=\"0000009784124f501\"><\/a>EXTERNE LINKS<\/h2>\n<p>Der Trimm- Club Hainau ist als Diensteanbieter nach \u00a7 2 Abs. 1 Nr. 1 Telemediengesetz (TMG) f\u00fcr die &#8222;eigenen Inhalte&#8220;, die\u00a0er zur Nutzung bereith\u00e4lt, verantwortlich gem\u00e4\u00df \u00a7 7 TMG. Von diesen eigenen Inhalten sind Querverweise (&#8222;Links&#8220;), auf die von anderen Anbietern bereitgehaltenen Inhalte, zu unterscheiden.<\/p>\n<p>Der Trimm-Club Hainau hat bei der erstmaligen Verkn\u00fcpfung die fremden Inhalte gesichtet. Bei Links handelt es sich allerdings stets um &#8222;lebende&#8220; (dynamische) Verweisungen; die fremden Inhalte k\u00f6nnen deshalb ge\u00e4ndert worden sein, ohne dass der Trimm-Club Hainau hiervon Kenntnis hat.<\/p>\n<p>Aus diesem Grund distanzieren wir uns hiermit ausdr\u00fccklich von den Inhalten s\u00e4mtlicher gelinkten Seiten auf unserer Homepage und machen uns deren Inhalte nicht zu eigen.<\/p>\n<p>&nbsp;<\/p>\n<h2><a name=\"2343619cd60f13a04\"><\/a>URHEBERRECHT<\/h2>\n<p>Das Layout der Homepage, die verwendeten Bilder und Grafiken sowie die Texte sind urheberrechtlich gesch\u00fctzt. Die Seiten d\u00fcrfen nur zum privaten Gebrauch vervielf\u00e4ltigt, \u00c4nderungen nicht vorgenommen und Vervielf\u00e4ltigungsst\u00fccke weder verbreitet noch zu \u00f6ffentlichen Wiedergaben verwendet werden. Die Vervielf\u00e4ltigung von Daten oder Informationen, insbesondere die Verwendung von Texten, Textteilen oder Bildmaterial bedarf der vorherigen Zustimmung der Ortsgemeinde Hainau.<\/p>\n<p>&nbsp;<\/p>\n","protected":false},"excerpt":{"rendered":"<p>Kontakt: TC Hainau Br\u00fchlstra\u00dfe 6a 56357 Hainau E-Mail:\u00a0sport@tc-hainau.de HAFTUNG UND AKTUALISIERUNG Der\u00a0Trimm-Club Hainau ist bem\u00fcht, f\u00fcr die Richtigkeit und Aktualit\u00e4t aller auf ihrer Website enthaltenen Informationen und Daten zu sorgen. Eine Haftung oder Garantie f\u00fcr die Aktualit\u00e4t, Richtigkeit und Vollst\u00e4ndigkeit der zur Verf\u00fcgung gestellten Informationen und Daten ist jedoch ausgeschlossen. Es wird in keinem Fall [&hellip;]<\/p>\n","protected":false},"author":2,"featured_media":0,"parent":0,"menu_order":0,"comment_status":"closed","ping_status":"closed","template":"","meta":{"jetpack_post_was_ever_published":false,"_mc_calendar":[],"footnotes":""},"class_list":["post-16","page","type-page","status-publish","czr-hentry"],"jetpack_shortlink":"https:\/\/wp.me\/P6OhnB-g","jetpack_sharing_enabled":true,"_links":{"self":[{"href":"https:\/\/tc-hainau.de\/index.php?rest_route=\/wp\/v2\/pages\/16","targetHints":{"allow":["GET"]}}],"collection":[{"href":"https:\/\/tc-hainau.de\/index.php?rest_route=\/wp\/v2\/pages"}],"about":[{"href":"https:\/\/tc-hainau.de\/index.php?rest_route=\/wp\/v2\/types\/page"}],"author":[{"embeddable":true,"href":"https:\/\/tc-hainau.de\/index.php?rest_route=\/wp\/v2\/users\/2"}],"replies":[{"embeddable":true,"href":"https:\/\/tc-hainau.de\/index.php?rest_route=%2Fwp%2Fv2%2Fcomments&post=16"}],"version-history":[{"count":10,"href":"https:\/\/tc-hainau.de\/index.php?rest_route=\/wp\/v2\/pages\/16\/revisions"}],"predecessor-version":[{"id":412,"href":"https:\/\/tc-hainau.de\/index.php?rest_route=\/wp\/v2\/pages\/16\/revisions\/412"}],"wp:attachment":[{"href":"https:\/\/tc-hainau.de\/index.php?rest_route=%2Fwp%2Fv2%2Fmedia&parent=16"}],"curies":[{"name":"wp","href":"https:\/\/api.w.org\/{rel}","templated":true}]}}